?
1
Suppose 0 = -43*s + 49*s - 12. Suppose 2*p - 111 = -4*v + 13, -5*p = -s*v + 74. What is the tens digit of v?
3
Let k = -176 - -177. What is the tens digit of k/6 - (-15593)/186?
8
Let g = -107 - -110. Suppose -v = -2*h + 3*v + 500, 2*h = -g*v + 521. What is the units digit of h?
6
Let s(f) = -3*f**2 - 2*f + 5. Let c be s(-2). Let y be 4/c + 1*(-61)/(-3). Let k(h) = h**2 - 20*h + 23. What is the units digit of k(y)?
4
Let v(o) = 3*o**2 + 3. Let q be v(0). Suppose q*u - 2511 = -3*h, 0*u - 2*h - 837 = -u. What is the hundreds digit of u?
8
Let a be 6/4*(9 - -3). Let p(w) = -46*w + 3 - a*w**3 - 11*w**2 - 8 - 11*w**2 + 19*w**3. What is the units digit of p(24)?
3
Let h(v) = 2*v**3 - 71*v**2 - 77*v - 14. What is the thousands digit of h(40)?
1
Let m = 9398 + -5249. What is the hundreds digit of m?
1
Suppose -b + 3*o + 28442 = -15641, -132169 = -3*b - o. What is the hundreds digit of b?
0
Let i(p) = 215*p**2 + 40*p - 120. What is the units digit of i(-9)?
5
Let p = -253 - -253. Suppose 4*r + 190 - 1578 = p. What is the hundreds digit of r?
3
Let t = 761 + -626. Suppose 97*k = 106*k - t. What is the units digit of k?
5
Suppose 44908 = 8253*b - 8249*b. What is the ten thousands digit of b?
1
Let m(f) = -13*f + 4. Suppose 3*v = 2*w + 5, -v - 3*v + 8 = -4*w. Let o be (w - -4) + 2/(14/(-119)). What is the tens digit of m(o)?
8
Let j(l) = -2336*l - 959. What is the tens digit of j(-21)?
9
Let y = -10949 + 11287. What is the hundreds digit of y?
3
Suppose -9*i = -39 - 24. Let a(x) = 9*x - i*x - 8*x + 4*x**2 + 0 - 5. What is the units digit of a(-3)?
9
Suppose 0 = -608*g + 603*g. Let w(r) = -r**2 + 5*r + 1. Let b be w(4). Suppose g = 2*l - b*j - 389, 2*l - 382 = -j - j. What is the tens digit of l?
9
Suppose -4*q = -w + 40, 118*q + 284 = 5*w + 119*q. Suppose 17 = -2*j - 33. Let t = j + w. What is the tens digit of t?
3
Let t(c) = -17*c**2 + 9*c - 111. Let a(f) = 8*f**2 - 4*f + 55. Let r(y) = 7*a(y) + 3*t(y). What is the units digit of r(-9)?
6
Let i(c) = 2*c + 12. Suppose -1 + 26 = -z + 2*u, 4*z + 4*u = -52. Let x be i(z). Let m = x + 76. What is the tens digit of m?
5
Suppose 0 = 3*c + 3*l - 507, 0 = -5*c - 4*l + 1276 - 433. Let x = c - 15. What is the hundreds digit of x?
1
Let i(l) = 890*l**2 + l - 1. Let h be i(1). Let d = 14504 + -14500. Suppose d*v + 190 - h = 0. What is the tens digit of v?
7
Suppose 0 = -3*g - w - 5, 0 = -2*g - 4*w - 20. Suppose 0*p - 4*p + 2040 = 5*i, -2*i + 4*p + 844 = g. What is the hundreds digit of i?
4
Let r(i) = -9300*i - 4189. What is the hundreds digit of r(-4)?
0
Suppose -19 = 3*g + 5*o, -4*g + 6*o - 5*o = 56. Let d = 163 - g. What is the hundreds digit of 32/d + 1109/11?
1
What is the hundreds digit of ((-2)/(-1))/(-1) - 14250/(-5)?
8
What is the units digit of -4 + 5 + 1 + (-90)/(-2)?
7
Suppose 395*b = 34*b - 296*b + 18100350. What is the tens digit of b?
5
Suppose -o - 4*x + 8*x = -17, 4*o = -x + 51. Let v = o - -128. What is the hundreds digit of v?
1
Let h = -6 - -13. Let z be (7 + 63/(-6))/(1/(-50)). Suppose h*v - 560 = -z. What is the tens digit of v?
5
Let k(j) = -5*j + 82. Let i be k(16). Suppose c + r - 6*r = 555, -i*r = 4*c - 2176. What is the tens digit of c?
4
Suppose 22*g + 8215 = 50367. What is the units digit of g?
6
Suppose -5163*w = -5156*w - 39879. What is the tens digit of w?
9
Suppose 48 = c + 3*w + 39, 3*c - 2*w = -28. What is the tens digit of -276*(c + 2) + 6?
1
Let i(f) = f**3 - 39*f**2 - 19*f + 70. Let c(k) = k**3 - 39*k**2 - 19*k + 69. Let h(y) = -4*c(y) + 3*i(y). What is the hundreds digit of h(39)?
6
What is the ten thousands digit of 12/(-8)*(14 + 39258)/(-4)?
1
Let w = -5866 + 6469. What is the hundreds digit of w?
6
Let t(c) = -c**3 + 59*c**2 - 56*c - 267. What is the tens digit of t(56)?
0
Let x(i) = i**2 + 11*i - 8. Let z be x(-11). Let y be 4/(11/((-44)/z)). Suppose -596 = -y*m - 2*m. What is the hundreds digit of m?
1
Let a(q) = -1983*q - 3149. What is the thousands digit of a(-13)?
2
Let v be (-9)/(-2) - (-25)/(-10). Suppose 4*c - 252 = -v*c. What is the tens digit of 9144/c + -5 + 2/7?
1
What is the units digit of (-6)/2 - 36545*3/(-15)?
6
Let d(j) = j**3 - 11*j**2 - j + 7. Let y be d(12). Suppose 12072 = y*n - 131*n. What is the tens digit of n?
0
Let u(q) = 4*q + 4*q + 132*q**2 - 8 - 42*q**2 + 2. What is the tens digit of u(3)?
2
Let o(b) = -b**2 - 8*b - 11. Let r be o(-6). Let x(q) = 192*q**3 + 2*q**2 - 2*q + 1. Let j be x(r). What is the tens digit of 4/(-2) + 2*j/2?
9
Suppose 3*c + 4 = 4*q + 38, -4*c + 32 = -4*q. Let x be 54/q + 3 + 39/(-15). Let w = x + 145. What is the tens digit of w?
4
Suppose 7*i + 13 = -197. Let s be (-1)/(i/24)*10*6. What is the tens digit of 800/s + 1/3?
1
Suppose 8345 = j - 4*y, 2*j - 16738 = -6*y + 2*y. What is the tens digit of j?
6
Suppose 0 = -53*n + 58*n + 665. Let x = 221 + n. Suppose 274 - x = 3*k. What is the tens digit of k?
6
Let l be 45/(-12) + 6 + 2/(-8). Suppose l*a = 6*a - 20. Suppose 5*b = -i + 732, -2*b + 3*b + a*i = 132. What is the tens digit of b?
4
Let g = 19694 + -19291. What is the hundreds digit of g?
4
Suppose -20752 = -15*k - 2557. Let a = -773 + k. What is the tens digit of a?
4
Let o = -15 + 15. Suppose 0 = 2*b - 2*v - 942 + 202, o = 2*b + 2*v - 752. Suppose 0 = 4*a - b + 13. What is the tens digit of a?
9
Let s = -23 + 24. Let c(k) = 73*k + 13 + s + 10 - 56*k. What is the hundreds digit of c(6)?
1
Suppose 0 = 3*y - k - 4, k = 4*y - 2*k - 12. Suppose -8*o + 6*o = y. Suppose l - 5*w - 97 = o, 4*l - 3*w - 77 - 226 = 0. What is the units digit of l?
2
Suppose 57*b - 313643 - 123433 = 0. What is the hundreds digit of b?
6
Let o(h) = h**3 - 4*h**2 - 2*h + 5. Let y be o(6). Suppose y = 16*i - 175. Suppose 1008 = i*c - c. What is the tens digit of c?
7
Let m(j) = -5*j + 40. Let v be m(8). Suppose 0 = 2*c - v*c - 14. Suppose -72 = -g - c. What is the units digit of g?
5
Let h = 27482 + -11971. What is the thousands digit of h?
5
Let o(f) = -7*f + 2*f**3 + 20*f - 4*f**3 + 38 + f**3 + 10*f**2. Suppose -3*m - 9 = 0, 25 - 92 = -5*l + 4*m. What is the tens digit of o(l)?
6
Suppose 69*c - 36 = 81*c. What is the hundreds digit of (9/3)/(528/175 + c)?
1
Let d(g) = 85*g**2 + 14 + 24*g - g**3 + 70*g**2 - 136*g**2. What is the units digit of d(20)?
4
Suppose -269850 = -2488*j + 2458*j. What is the units digit of j?
5
What is the ten thousands digit of -1*(-4)/(-12) - 5/(60/(-155476))?
1
Suppose 0 = 14*x - 0*x + 609336. What is the hundreds digit of (x/(-48))/3 + (-2)/8?
3
What is the hundreds digit of (-113)/((-2599)/49266) + (-2*1 - -3)?
1
Let w(x) = -524*x - 1086. What is the tens digit of w(-5)?
3
Let a(z) = -z**2 + 5*z + 21. Let j(o) = o**3 + 6*o**2 - 4*o - 14. Let k be j(-6). Let d be a(k). Let s = 5 - d. What is the units digit of s?
4
Let t(j) = 4*j**2 - 130*j - 118. What is the units digit of t(94)?
6
Let r(h) = h**2 + 59*h + 1436. What is the units digit of r(69)?
8
Let t = 37 - -262. Suppose 0 = 4*o - 2337 - t. What is the tens digit of 3/12 - o/(-4)*1?
6
Suppose -4*l + 37*u - 41*u + 1444 = 0, 1808 = 5*l + 4*u. What is the tens digit of l?
6
Let v(x) = -140*x**3 + 26*x**2 + 11*x + 9. What is the units digit of v(-4)?
1
Let n(w) = -w**2 - 11*w - 18. Let r be n(-8). Suppose -5*z + 14 = -r. Suppose -120 = -z*i + 5*v, -28 - 32 = -2*i - 4*v. What is the tens digit of i?
3
Let f(u) = 57*u**2 - 3*u - 211. What is the hundreds digit of f(12)?
9
Let q be (-110)/5*295/(-10). Suppose 0 = f - q + 564. What is the tens digit of f?
8
Let g(v) = -145*v**3 + 3*v**2 + 60*v + 400. What is the tens digit of g(-6)?
6
Let u be 6/(-1)*14/((-182)/(-299)). What is the tens digit of (1 - 6) + u/(-2)*5?
4
Suppose 0 = -7*j + 10*j - 126. Let p = 41 - j. What is the units digit of (-71 + p + 3)*4/(-3)?
2
What is the ten thousands digit of ((-2386761)/(-6))/19 + 2/4?
2
Let x = 317 + -313. Suppose -7*r = -2*r + 2*y - 853, 0 = 4*y + x. What is the hundreds digit of r?
1
Let u(z) = -z**3 + 34*z**2 - 64*z + 4. Let y be u(32). Suppose -3*r + 1345 = -y*h - 616, 0 = 5*r + h - 3276. What is the tens digit of r?
5
Suppose 34556 = -48*z + 49*z + 3*w, 3*w - 138260 = -4*z. What is the tens digit of z?
6
Suppose -705 + 15 = 6*h. What is the hundreds digit of ((-184)/h)/(4/(-10)) + 771?
7
Let w(g) = 5*g**2 + 29*g + 436. What is the units digit of w(-11)?
2
Suppose 0 = 5*k 